isor of 26 and u.
13
Let i = 10 + 0. Calculate the highest common divisor of 20 and i.
10
Let v(p) = -p**2 + 4*p + 7. Let b be v(5). Let x = 0 - b. Let w be -4 + 2 + (70 - x). Calculate the highest common divisor of 14 and w.
14
Let u = 156 + -18. Calculate the greatest common factor of 92 and u.
46
Suppose 4*n - u = -13, 3*n = 4*n + 3*u. Let k = -1 - n. Let a be 12 - (k - 0/(-3)). Calculate the highest common factor of a and 110.
10
Let n(r) be the first derivative of -3*r**2 - 3 - 2*r**2 + 5*r**2 + 2*r**2 - 4*r. Let d be n(7). What is the highest common factor of d and 36?
12
Let u be (-1)/2*(-33 - -1). Let v = 39 - 270. Let d = -119 - v. Calculate the greatest common divisor of d and u.
16
Let s(v) = 2*v**2 - 4*v + 2. Let f be s(2). Suppose f*i + 8 = 4*i. Suppose -28 = -2*d - i. Calculate the greatest common factor of 48 and d.
12
Let j = 178 - 117. Let k = j + -31. Let n = -23 + 33. What is the highest common divisor of k and n?
10
Let j(u) = -u**2 + 13*u - 10. Let q be j(15). Let f be (6/5)/(2/(-30)). Let y = f - q. Calculate the greatest common divisor of 110 and y.
22
Let x = -15 - -24. What is the greatest common factor of x and 45?
9
Let r = 16 - -4. What is the highest common divisor of r and 220?
20
Suppose -39 - 25 = -4*b. Let i = 175 + -111. Calculate the highest common factor of b and i.
16
Suppose h - q + 0*q = 5, -4*q - 17 = -h. What is the greatest common divisor of h and 1?
1
Let x = 49 + -28. What is the highest common divisor of 210 and x?
21
Suppose 0 = g - 21 - 25. Let s be 14/21 - (-121)/3. Suppose h + 18 = s. Calculate the highest common factor of g and h.
23
Let s = 4 - -76. Let c be 3/(-6) - (-9)/2. Suppose -h - 96 = -c*h. Calculate the greatest common factor of h and s.
16
Suppose 4*t = t. Suppose t = -0*u - 3*u + 12. What is the highest common factor of u and 36?
4
Suppose 0 = -f - 1 - 0. Let j be ((-140)/(-7))/(1/2). Let u be (f/2)/((-2)/j). What is the highest common factor of 10 and u?
10
Let l = -2 - -2. Let z(c) = -c + 2 + c**2 - 1 + l. Let b be z(3). Calculate the highest common divisor of 1 and b.
1
Let j = -2 - -6. Suppose -j*t - 2*u + 158 = 0, -2*t + 3*u + 37 = -62. What is the greatest common factor of t and 14?
14
Suppose -d + 3*d = 5*i + 37, 4*d - i - 83 = 0. Calculate the greatest common divisor of 84 and d.
21
Let l(y) = -14*y - 10. Let m be l(-5). Calculate the greatest common factor of m and 20.
20
Let r = 191 - 136. Suppose -1 = -3*q + 32. Calculate the greatest common divisor of r and q.
11
Let f = -34 - -51. Calculate the greatest common factor of 85 and f.
17
Let x(w) = 2*w**2 + 6*w - 8. Let i be x(-6). What is the highest common divisor of 112 and i?
28
Suppose -5*x = 3*a - 4 - 4, 2*a + 4*x = 2. Calculate the highest common factor of 22 and a.
11
Let c = -190 - -278. Let l(b) = -b**3 - 7*b**2 - 8*b - 4. Let x be l(-6). Calculate the highest common divisor of x and c.
8
Suppose u + 4*u = 0, 4 = m - u. Calculate the highest common factor of 12 and m.
4
Let v = -27 - -39. Suppose -4*d + 2*d = -v. Calculate the highest common divisor of 24 and d.
6
Suppose 0 = 7*a + 26 - 75. Suppose -a*i + 6*i + 18 = 0. Calculate the highest common divisor of 12 and i.
6
Suppose 2*f = 4*r - 3 - 7, -4*r + 31 = 5*f. Let l be 0 + (2 - f) + 2. Let u be (1 - (-8)/2) + l. What is the greatest common factor of u and 3?
3
Suppose 0 = -3*a - 150 + 420. Calculate the highest common factor of 10 and a.
10
Let l be (141/2)/(3/8). Let y = 123 - l. Let b = y + 93. Calculate the highest common divisor of 4 and b.
4
Let s(c) = -c + 46. Let r be s(33). What is the greatest common divisor of r and 104?
13
Let z(u) = 60*u**3 + u - 1. Let o be z(1). Calculate the greatest common divisor of 40 and o.
20
Let i be (2 - -2)*5/2. Suppose 9*f - 20*f = -550. Calculate the greatest common factor of i and f.
10
Let r = 50 + -19. Suppose 0 = 16*c - 0*c - 1776. Suppose -c + r = -5*z. Calculate the greatest common divisor of z and 64.
16
Let s(o) = -o**2 + o + 12. Let x be s(0). What is the greatest common factor of x and 3?
3
Let c be 2 + -1*2 + 2. Suppose j + c*w = 67, -3*j + w = -8*j + 299. Let i = -23 + j. What is the highest common divisor of i and 12?
12
Let s = -40 - -70. Suppose 0*v - s = -v. Calculate the greatest common divisor of 120 and v.
30
Let w = 37 + -11. What is the highest common divisor of 286 and w?
26
Let a be (-14 - 1 - -1)/(-15 + 14). Calculate the highest common factor of 2 and a.
2
Let q be -3*2/(-12)*4. Suppose -297 = -p - q*p. Calculate the greatest common divisor of p and 33.
33
Suppose 0 = -3*r + 6*r - 15. Suppose 31 + 59 = r*n. Suppose 0*f - 15 = -5*f, 3*m = 3*f + 423. What is the highest common divisor of m and n?
18
Suppose 8*l - 6*l - 440 = 0. Calculate the highest common factor of 88 and l.
44
Suppose -t + 77 - 14 = 0. What is the highest common divisor of t and 21?
21
Suppose 7*c = 3*c + 308. Suppose 3*p + 0*p = 9. Let a be -22*(p - 7/2). What is the greatest common divisor of a and c?
11
Let g = 278 + -143. Calculate the greatest common divisor of g and 15.
15
Let g = -1 + 14. Let f = 12 + g. What is the highest common divisor of 175 and f?
25
Suppose -4*j + 2*v + 30 = -16, -2*v = -j + 16. What is the greatest common factor of 30 and j?
10
Let z(u) = -5*u**3 - u**2 - 2*u - 1. Let s be z(-1). Let o = 36 + -16. What is the highest common factor of o and s?
5
Let p be ((-18)/(-5))/(14/35). Suppose 2*h + 355 = 7*h + n, -164 = -2*h + 4*n. What is the highest common divisor of h and p?
9
Let a(z) = -30 - 70 - z + 2*z. Let d be a(0). Let w be (-2)/4 + d/(-8). Calculate the highest common divisor of w and 36.
12
Suppose -2*r = 5*s + 1, -5*r - s = -2*s - 38. What is the highest common divisor of r and 63?
7
Let l = 172 - 162. Calculate the highest common divisor of 15 and l.
5
Let u be (-33)/(-7) - 6/(-21). Suppose -f - f - 216 = -4*h, h + 4*f - 63 = 0. What is the greatest common factor of h and u?
5
Suppose -4*n - 5*f = -309, 5*n + 2*f - 382 = -0*f. Calculate the greatest common divisor of n and 190.
38
Let l = -1 + 3. Suppose -l*p + 3*p + 21 = -5*v, 3*v = -p - 11. Let h be p*1/((-2)/(-1)). What is the highest common divisor of 10 and h?
2
Suppose -20 = -2*q + 8. Calculate the highest common factor of q and 2.
2
Let b(w) be the first derivative of -w**3/3 - 4*w**2 - 3*w + 8. Let k be (-2)/3 - (-48)/(-9). Let g be b(k). Calculate the highest common factor of 9 and g.
9
Suppose 2*v + 3*v = 35. What is the greatest common factor of 7 and v?
7
Let g(j) = -j**3 + 4*j**2 - 2*j - 1. Let r be g(3). Suppose 0 = -3*u - 3*p + 42, 3*p - 40 = -2*u - r*p. Calculate the greatest common factor of 30 and u.
10
Let v(r) = -r**2 + 6*r + 2. Let g be v(6). What is the greatest common divisor of g and 8?
2
Let d = 102 - 60. What is the greatest common factor of d and 14?
14
Suppose -9*j + 12*j - 99 = 0. Let l = -20 + j. Calculate the highest common divisor of l and 13.
13
Suppose -2*x = -3*x + 10. Let y be -2 - 1/2*-2. Let m be (-318)/(-8) - y/4. Calculate the greatest common factor of m and x.
10
Suppose -2*w + a + 4*a + 11 = 0, 0 = -w - 2*a + 1. What is the highest common divisor of 15 and w?
3
Let j = -123 - -178. Calculate the highest common factor of j and 5.
5
Let r = 69 - 59. Calculate the greatest common divisor of r and 35.
5
Suppose -3*q + 8 = -5*h, -q + 2*h - 2 = -2*h. Let u(o) = o + 1. Let d be u(q). Calculate the highest common divisor of d and 1.
1
Let d be ((10 - -1)*1)/1. Calculate the highest common divisor of 88 and d.
11
Suppose -7 = -3*l + 17. Let j = 0 - -4. Let w be 5 - j - (-32 + 1). Calculate the greatest common factor of l and w.
8
Suppose 2*w - 180 - 150 = 0. What is the highest common divisor of w and 15?
15
Let h be 4/(-18) - (-824)/(-18). Let z = -31 - h. Calculate the greatest common factor of z and 15.
15
Let a(y) = -y**2 + 14*y - 13. Let c be a(7). Calculate the greatest common factor of c and 84.
12
Let i(g) = -g**3 - 4*g**2 - g - 4. Let o be i(-4). Suppose -4*x - 22 = -5*v, 5*v - 2*x - 34 + 8 = o. Calculate the highest common divisor of v and 6.
6
Suppose 80 = 3*m + m - 4*d, -4*m + 5*d + 82 = 0. Calculate the greatest common factor of 162 and m.
18
Let n = 6 + 6. Suppose 0 = -5*s + 91 + 29. Calculate the highest common divisor of s and n.
12
Suppose -4*j = -c - c - 68, 0 = 3*c - 3*j + 90. Let k = 38 +